 What are the prime factors of -2*((-9)/2 - k)?
13
List the prime factors of ((-50)/(-4))/((-5)/(-30)).
3, 5
Suppose 0*b - b - 3*n = 34, 2*n = -10. What are the prime factors of (-4 - -2)/(2/b)?
19
Let p(d) be the first derivative of -d**4/4 + 10*d**3/3 + 3*d**2/2 + 6*d + 8. What are the prime factors of p(10)?
2, 3
Let t(w) = 2*w - 3. Let g be t(3). Suppose -2*l + 54 = -g*v, -l - v + 54 = l. Suppose -j = -4*k + 32, -k - l = -2*k + 5*j. List the prime factors of k.
7
Let x(w) = 4*w**3 + 2*w**2 - 4*w + 5. List the prime factors of x(2).
37
Suppose 103 = -9*j + 796. List the prime factors of j.
7, 11
Suppose -9*n = -6*n - 258. What are the prime factors of n?
2, 43
Suppose -31 = -5*c - 11. Suppose -18 = c*r - 2*r. List the prime factors of 3 + -1 + (-2 - r).
3
Let f(p) be the first derivative of 16*p**2 + 2. List the prime factors of f(1).
2
Let t(b) = -b**2 + 10*b - 1. Let r(m) = m + 4. Let z be r(5). Let g be t(z). Let j = g + -2. List the prime factors of j.
2, 3
Let z(w) = -3 + 0*w + 2*w**2 + 3 - 1 - 2*w. Suppose 2*q - x = 4*x - 21, 0 = 4*x - 20. What are the prime factors of z(q)?
3
Suppose 4 = -2*p + 8. Suppose -2*m + a - p + 40 = 0, -3*m + 5*a = -71. What are the prime factors of m?
17
Suppose -3*j + 0*j + 18 = 0. List the prime factors of j.
2, 3
Suppose -15 + 50 = 5*k. List the prime factors of 13/2 - k/(-14).
7
Let n be 20/4 + 3 + -2. Let h(f) = f - 6. Let m(x) = -2*x + 13. Let i(j) = 9*h(j) + 4*m(j). What are the prime factors of i(n)?
2
Let w be 3 + -6 - (1 - 87). Suppose 0 = -3*f - 4*n + w, 4*f + 5*n - 38 = 72. Let s = 39 - f. What are the prime factors of s?
2, 7
Let o = 30 - 20. List the prime factors of o.
2, 5
Let w(k) = -k - 25. Let t be w(0). Suppose -5*l - 5*y = 80, 5*l + 3*y = 6*y - 64. Let a = l - t. What are the prime factors of a?
11
Suppose 3*i - 4*n + 40 = 0, 2*i + 2*n - n = -12. Let g be -2 - i/2 - -36. Suppose 0 = 3*w + 6, -5*j + 0*j - w = -g. List the prime factors of j.
2
Let f(r) = -r**2 + 5*r + 5. Let s be f(5). Suppose -2*d + s*q = d - 84, d + 4*q - 11 = 0. Suppose d - 3 = 4*z. What are the prime factors of z?
5
Let b be (0 - -4 - -2) + -2. Suppose 0 = -b*m + 36 + 64. List the prime factors of m.
5
Suppose -5*r - 5*s + 35 = 0, -3*s = 2*r - 0*r - 15. List the prime factors of 6/(-4) - (-147)/r.
23
Suppose -48 = 4*p - 7*p. What are the prime factors of p?
2
Suppose 3*c - y = 31 + 30, -2*y - 34 = -2*c. Suppose 2*p - 54 - c = 0. What are the prime factors of p?
2, 19
What are the prime factors of (-4)/(-6)*(334 + (-3 - -2))?
2, 3, 37
Suppose 7 = -5*i - 3. Let r = 1 - i. Suppose -20 - 13 = -r*s. List the prime factors of s.
11
Let j be (-4)/18 + (-248)/18. Let w = j - -63. Suppose -4*f = -y - w, -4*f - 28 = 2*y - 74. List the prime factors of f.
2, 3
Let p = 40 - 69. Let r = p - -44. What are the prime factors of r?
3, 5
Suppose -k - 17 = -4*t, 0 = -4*t + 21 - 1. Suppose -4*c - 37 = -0*i - 3*i, -3 = k*c. What are the prime factors of i?
11
Let v(i) = i**2 + 13*i + 10. Let j be v(-8). What are the prime factors of ((-4)/3)/(4/j)?
2, 5
Suppose 8*w = 2*w + 432. What are the prime factors of w?
2, 3
Let v be (-36)/(-15) - (-2)/(-5). Suppose o - v*q - 2 + 8 = 0, 14 = -o + 4*q. List the prime factors of o.
2
Let v(d) = -d**2 - d + 9. Let f be v(0). Let c be 0*(0 - (-3)/f). Suppose l - 1 - 3 = c. What are the prime factors of l?
2
Let o be (50/3)/(8/12). Suppose -5*i + o = 0, 2*i + 15 = y + 4*i. Suppose -y*s = 5*x, 5*x + 5 = -2*s - 1. What are the prime factors of s?
2
Let g(v) be the third derivative of 2*v**2 - 1/24*v**4 + 1/15*v**6 + 0*v**5 + 1/6*v**3 + 0*v + 0. List the prime factors of g(1).
2
Let r(l) = 3*l**2 + l - 1. Let v be r(1). Suppose a = v*a + 14. What are the prime factors of 1/(-1)*a - -2?
3
Suppose 5*y - 12 - 8 = 0. Let c(b) = 2*b**2 - b + 1. Let d be c(1). Suppose -18 - y = -d*o. List the prime factors of o.
11
Suppose 4*p + 3*z - z - 124 = 0, -3*z = -3*p + 93. Let i = p + -14. Suppose -i = -3*l - 2. What are the prime factors of l?
5
Let t be (-223)/(-9) - (-2)/9. Suppose -k - 5*x + t = 0, 2*k - 3*x - 55 - 8 = 0. List the prime factors of k.
2, 3, 5
Suppose 3*t = 2*b - t - 16, 0 = -5*b - 4*t - 2. Suppose -3*i + 2*i = -b. Suppose -4*a + i*z + 30 = 0, 2 = -5*z + 3*z. What are the prime factors of a?
7
Suppose 0 = -h - 3 + 44. What are the prime factors of h?
41
Let a(t) = 5*t - 6. Let i(r) = 21*r - 25. Let v(l) = -9*a(l) + 2*i(l). Let b be v(-3). Let n = b - 3. What are the prime factors of n?
2, 5
Let t(j) = 3*j**3 - 3*j - j - 2*j**3 + 2*j**2 + 0*j**3. Let q be t(-3). Suppose 0 = q*y + 3*v - 4*v - 8, 3*v + 10 = 2*y. What are the prime factors of y?
2
Suppose 15*c = 10*c - 15. What are the prime factors of 2 + ((-45)/c - 1)?
2
Let b(p) = 3*p + 2. Let i be b(6). Let f = 28 - i. What are the prime factors of f?
2
Let d = 30 + 108. List the prime factors of d.
2, 3, 23
Let j(l) = 5*l**3 - 3*l**2 + 12*l + 7. Let f(w) = 11*w**3 - 7*w**2 + 25*w + 14. Let s(v) = 6*f(v) - 13*j(v). Let d = 27 - 22. List the prime factors of s(d).
13
Suppose -2*v + 6 = -0*v. Let i = 4 + v. List the prime factors of i.
7
Suppose -b + 14 = 4. Suppose -5*v = -35 - b. List the prime factors of v.
3
Let c = -24 - -59. List the prime factors of c.
5, 7
Let y(x) = -x**3 + 29*x**2 - 20*x + 44. List the prime factors of y(28).
2, 67
Suppose -n - 5*y = 2*n - 772, 12 = -3*y. What are the prime factors of n?
2, 3, 11
Let s(o) = 3*o**2 - 4*o + 4. What are the prime factors of s(-6)?
2, 17
Suppose g + 3*g - 124 = 0. What are the prime factors of g?
31
Let n(s) = -s - 1. Let u be n(-2). Let a be -3 + 3 - (0 - -2). What are the prime factors of 15*a/(-3)*u?
2, 5
Let t(h) = -h + 7. Let x be t(7). Suppose -6*d + d + 10 = x. Suppose f = -d*f + 15. What are the prime factors of f?
5
Let r(o) = o**3 + o**2 - o + 14. Let d be r(0). What are the prime factors of (7/d)/((-2)/(-24))?
2, 3
List the prime factors of (-1)/2 - 74/(-4).
2, 3
Let a(u) = -7*u + 10. List the prime factors of a(-5).
3, 5
Suppose -6 = -3*w - 0. Suppose -3*y - w = -4*y. Let g = 4 - y. What are the prime factors of g?
2
Suppose 63 = 5*t + 8. List the prime factors of t.
11
List the prime factors of -1 + 34 + -3 + -5.
5
Let d(m) = -m**3 - 15*m**2 - 4*m - 14. List the prime factors of d(-15).
2, 23
Suppose -2*l - 2*i + 12 = 0, -2*l + 3 + 3 = 5*i. Let j(d) = -7*d - 6. Let y be j(l). List the prime factors of y/(-6) - 2/(-3).
11
List the prime factors of (-5)/20 - 410/(-8).
3, 17
Let j(p) = -p**2 + 7*p + 5. Let w be j(7). Suppose -w*k + 3*q = -5, -3*k + 2 = -3*q + 5. List the prime factors of k.
2
Let w(h) = -3*h**2 - h**3 - 3*h**2 - 3 + 2*h**2 + 1 - 2*h. Let d be w(-3). Let l(n) = n**2 + 4*n + 6. List the prime factors of l(d).
11
Let b(c) = c**3 - 3*c**2 + 2*c + 1. Let t be b(5). Suppose 5*p - t = -n, -3*n + 9 = p - 6. What are the prime factors of p?
2, 3
Let h(f) = 2*f**2 + f. Let c be h(1). List the prime factors of -4 + 2 + c + 3.
2
Let p(m) = 18*m**2 + 4*m + 2. List the prime factors of p(-2).
2, 3, 11
Suppose 0 = -2*g - 3*i - 2*i + 58, 5*g - 145 = i. What are the prime factors of g?
29
Suppose 3*m = 5*j - 267 - 414, 0 = 5*j + m - 673. List the prime factors of j.
3, 5
Let f be (1/2)/(2/(-4)). Let g = 1 + f. Let t(b) = -b**3 - b + 10. List the prime factors of t(g).
2, 5
List the prime factors of 1527/12 - (28/(-16) - -1).
2
Suppose 3*v = -0*v. Suppose d + 0 - 3 = v. Suppose m - 10 = -s, 0 = -m - d*s - 0 + 12. What are the prime factors of m?
3
List the prime factors of 9/((-45)/(-20)) + 72.
2, 19
Let h be 2 + 0 + -1 + -3. Let s = 1 - h. Suppose -s*o + o = -6. List the prime factors of o.
3
Let l = 17 - 9. Suppose -2*t = 2*h + 2*h + 2, -4*t = 3*h + 14. Suppose -r - 4*u + 11 = 1, -h*r + 4*u = -l. List the prime factors of r.
2, 3
Let z = 164 + 196. What are the prime factors of z?
2, 3, 5
Suppose 0 = -2*w + 1 + 1. Suppose l - 3 = -w. List the prime factors of l.
2
Suppose k = 6*k + 10, 4*u = -5*k + 86. Suppose -2*g = -3*m + 75 - 31, u = m + 4*g. What are the prime factors of m?
2
Let w = 3 + -13. What are the prime factors of 6/(-15) + (-254)/w?
5
Suppose 0 = -5*c + 2*c. Let d be ((1 - c)*-2)/(-2). What are the prime factors of (-3)/(-3)*(1 + d)?
2
Let i be 0*3/((-6)/2). Suppose -3*t - d = -2*d - 43, -3*t + 3*d + 51 = i. What are the prime factors of t?
13
Let h(f) be the first de